[INFO] cloning repository https://github.com/Fiedzia/rust-usdt
[INFO] running `Command { std: "git" "-c" "credential.helper=" "-c" "credential.helper=/workspace/cargo-home/bin/git-credential-null" "clone" "--bare" "https://github.com/Fiedzia/rust-usdt" "/workspace/cache/git-repos/https%3A%2F%2Fgithub.com%2FFiedzia%2Frust-usdt", kill_on_drop: false }`
[INFO] [stderr] Cloning into bare repository '/workspace/cache/git-repos/https%3A%2F%2Fgithub.com%2FFiedzia%2Frust-usdt'...
[INFO] running `Command { std: "git" "rev-parse" "HEAD", kill_on_drop: false }`
[INFO] [stdout] b79b2eade8051a27b60d09345405813cb31684b3
[INFO] checking Fiedzia/rust-usdt against try#72f88fc4e9458f89516a0b8b0868f3718aec5b47 for pr-74989
[INFO] running `Command { std: "git" "clone" "/workspace/cache/git-repos/https%3A%2F%2Fgithub.com%2FFiedzia%2Frust-usdt" "/workspace/builds/worker-2/source", kill_on_drop: false }`
[INFO] [stderr] Cloning into '/workspace/builds/worker-2/source'...
[INFO] [stderr] done.
[INFO] validating manifest of git repo https://github.com/Fiedzia/rust-usdt on toolchain 72f88fc4e9458f89516a0b8b0868f3718aec5b47
[INFO] running `Command { std: "/workspace/cargo-home/bin/cargo" "+72f88fc4e9458f89516a0b8b0868f3718aec5b47" "read-manifest" "--manifest-path" "Cargo.toml", kill_on_drop: false }`
[INFO] started tweaking git repo https://github.com/Fiedzia/rust-usdt
[INFO] finished tweaking git repo https://github.com/Fiedzia/rust-usdt
[INFO] tweaked toml for git repo https://github.com/Fiedzia/rust-usdt written to /workspace/builds/worker-2/source/Cargo.toml
[INFO] crate git repo https://github.com/Fiedzia/rust-usdt already has a lockfile, it will not be regenerated
[INFO] running `Command { std: "/workspace/cargo-home/bin/cargo" "+72f88fc4e9458f89516a0b8b0868f3718aec5b47" "fetch" "--locked" "--manifest-path" "Cargo.toml", kill_on_drop: false }`
[INFO] running `Command { std: "docker" "create" "-v" "/var/lib/crater-agent-workspace/builds/worker-2/target:/opt/rustwide/target:rw,Z" "-v" "/var/lib/crater-agent-workspace/builds/worker-2/source:/opt/rustwide/workdir:ro,Z" "-v" "/var/lib/crater-agent-workspace/cargo-home:/opt/rustwide/cargo-home:ro,Z" "-v" "/var/lib/crater-agent-workspace/rustup-home:/opt/rustwide/rustup-home:ro,Z" "-e" "SOURCE_DIR=/opt/rustwide/workdir" "-e" "CARGO_TARGET_DIR=/opt/rustwide/target" "-e" "CARGO_HOME=/opt/rustwide/cargo-home" "-e" "RUSTUP_HOME=/opt/rustwide/rustup-home" "-w" "/opt/rustwide/workdir" "-m" "1610612736" "--user" "0:0" "--network" "none" "rustops/crates-build-env@sha256:d92eaeed33fa75130ca1ee6c8a01d1ffb62bac859dfdfb3450e3e5d1c0146529" "/opt/rustwide/cargo-home/bin/cargo" "+72f88fc4e9458f89516a0b8b0868f3718aec5b47" "metadata" "--no-deps" "--format-version=1", kill_on_drop: false }`
[INFO] [stdout] 219430020d84de6ae9f63ea6032662c8437708da78969d202e7bce5a84b0339e
[INFO] [stderr] WARNING: Your kernel does not support swap limit capabilities or the cgroup is not mounted. Memory limited without swap.
[INFO] running `Command { std: "docker" "start" "-a" "219430020d84de6ae9f63ea6032662c8437708da78969d202e7bce5a84b0339e", kill_on_drop: false }`
[INFO] running `Command { std: "docker" "inspect" "219430020d84de6ae9f63ea6032662c8437708da78969d202e7bce5a84b0339e", kill_on_drop: false }`
[INFO] running `Command { std: "docker" "rm" "-f" "219430020d84de6ae9f63ea6032662c8437708da78969d202e7bce5a84b0339e", kill_on_drop: false }`
[INFO] [stdout] 219430020d84de6ae9f63ea6032662c8437708da78969d202e7bce5a84b0339e
[INFO] running `Command { std: "docker" "create" "-v" "/var/lib/crater-agent-workspace/builds/worker-2/target:/opt/rustwide/target:rw,Z" "-v" "/var/lib/crater-agent-workspace/builds/worker-2/source:/opt/rustwide/workdir:ro,Z" "-v" "/var/lib/crater-agent-workspace/cargo-home:/opt/rustwide/cargo-home:ro,Z" "-v" "/var/lib/crater-agent-workspace/rustup-home:/opt/rustwide/rustup-home:ro,Z" "-e" "SOURCE_DIR=/opt/rustwide/workdir" "-e" "CARGO_TARGET_DIR=/opt/rustwide/target" "-e" "CARGO_INCREMENTAL=0" "-e" "RUST_BACKTRACE=full" "-e" "RUSTFLAGS=--cap-lints=forbid" "-e" "CARGO_HOME=/opt/rustwide/cargo-home" "-e" "RUSTUP_HOME=/opt/rustwide/rustup-home" "-w" "/opt/rustwide/workdir" "-m" "1610612736" "--user" "0:0" "--network" "none" "rustops/crates-build-env@sha256:d92eaeed33fa75130ca1ee6c8a01d1ffb62bac859dfdfb3450e3e5d1c0146529" "/opt/rustwide/cargo-home/bin/cargo" "+72f88fc4e9458f89516a0b8b0868f3718aec5b47" "check" "--frozen" "--all" "--all-targets" "--message-format=json", kill_on_drop: false }`
[INFO] [stdout] cd9472ba1161d87f5dd6d62f0d34d0a5d2b52f2c921851340807f916b3a1eaac
[INFO] [stderr] WARNING: Your kernel does not support swap limit capabilities or the cgroup is not mounted. Memory limited without swap.
[INFO] running `Command { std: "docker" "start" "-a" "cd9472ba1161d87f5dd6d62f0d34d0a5d2b52f2c921851340807f916b3a1eaac", kill_on_drop: false }`
[INFO] [stderr]     Checking rust-usdt v0.0.1 (/opt/rustwide/workdir)
[INFO] [stdout] error[E0557]: feature has been removed
[INFO] [stdout]   --> src/lib.rs:26:12
[INFO] [stdout]    |
[INFO] [stdout] 26 | #![feature(quote, plugin_registrar, rustc_private)]
[INFO] [stdout]    |            ^^^^^ feature has been removed
[INFO] [stdout] 
[INFO] [stdout] 
[INFO] [stdout] error[E0557]: feature has been removed
[INFO] [stdout]   --> src/lib.rs:26:12
[INFO] [stdout]    |
[INFO] [stdout] 26 | #![feature(quote, plugin_registrar, rustc_private)]
[INFO] [stdout]    |            ^^^^^ feature has been removed
[INFO] [stdout] 
[INFO] [stdout] 
[INFO] [stdout] error[E0463]: can't find crate for `syntax`
[INFO] [stdout]   --> src/lib.rs:29:1
[INFO] [stdout]    |
[INFO] [stdout] 29 | extern crate syntax;
[INFO] [stdout]    | ^^^^^^^^^^^^^^^^^^^^ can't find crate
[INFO] [stdout] 
[INFO] [stdout] 
[INFO] [stdout] error[E0463]: can't find crate for `syntax`
[INFO] [stdout]   --> src/lib.rs:29:1
[INFO] [stdout]    |
[INFO] [stdout] 29 | extern crate syntax;
[INFO] [stdout]    | ^^^^^^^^^^^^^^^^^^^^ can't find crate
[INFO] [stdout] 
[INFO] [stdout] 
[INFO] [stdout] error: aborting due to 2 previous errors
[INFO] [stdout] 
[INFO] [stdout] 
[INFO] [stdout] error: aborting due to 2 previous errors
[INFO] [stdout] 
[INFO] [stdout] 
[INFO] [stdout] Some errors have detailed explanations: E0463, E0557.
[INFO] [stdout] 
[INFO] [stdout] For more information about an error, try `rustc --explain E0463`.
[INFO] [stdout] 
[INFO] [stdout] Some errors have detailed explanations: E0463, E0557.
[INFO] [stdout] 
[INFO] [stdout] For more information about an error, try `rustc --explain E0463`.
[INFO] [stdout] 
[INFO] [stderr] error: could not compile `rust-usdt`.
[INFO] [stderr] 
[INFO] [stderr] To learn more, run the command again with --verbose.
[INFO] [stderr] warning: build failed, waiting for other jobs to finish...
[INFO] [stderr] error: build failed
[INFO] running `Command { std: "docker" "inspect" "cd9472ba1161d87f5dd6d62f0d34d0a5d2b52f2c921851340807f916b3a1eaac", kill_on_drop: false }`
[INFO] running `Command { std: "docker" "rm" "-f" "cd9472ba1161d87f5dd6d62f0d34d0a5d2b52f2c921851340807f916b3a1eaac", kill_on_drop: false }`
[INFO] [stdout] cd9472ba1161d87f5dd6d62f0d34d0a5d2b52f2c921851340807f916b3a1eaac
